{"version":"1.0","provider_name":"","provider_url":"https:\/\/bergerinterior.cafeblog.hu","author_name":"Gergely Anna","author_url":"https:\/\/bergerinterior.cafeblog.hu\/author\/gergely_anna\/","title":"K\u00e9tsz\u00edn\u0171 konyh\u00e1k","html":"<div style=\"clear: both;text-align: left\">Nem tudod eld\u00f6nteni, hogy feh\u00e9r vagy sz\u00ednes konyh\u00e1d legyen? Legyen egyszerre mindkett\u0151!<br \/>Egy ideje m\u00e1r nagyon tetszik ez a trend, ahol az als\u00f3szekr\u00e9nyek valamilyen sz\u00ednt kapnak, m\u00edg a fels\u0151szekr\u00e9nyek feh\u00e9rek maradnak. Ennek t\u00f6bb el\u0151nye is van: a s\u00f6t\u00e9tebb sz\u00edn\u0171 als\u00f3szekr\u00e9nyek kev\u00e9sb\u00e9 koszol\u00f3dnak, illetve a feh\u00e9r fels\u0151szekr\u00e9nyek kev\u00e9sb\u00e9 nyomj\u00e1k \u00f6ssze a teret, mintha azok is a s\u00f6t\u00e9tebb sz\u00ednt kapt\u00e1k volna. Fekete, k\u00e9k, sz\u00fcrke, z\u00f6ld? B\u00e1rmelyik sz\u00edn j\u00f6het, a feh\u00e9r fels\u0151szekr\u00e9nyekkel kombin\u00e1lva nem lesz \"t\u00fal sok\"!&nbsp; A dolog nem csak sz\u00ednnel, hanem fafronttal is sz\u00e9pen m\u0171k\u00f6dik.<\/div><div style=\"clear: both;text-align: left\">Ha minden igaz, hamarosan h\u00e1rom ilyen konyh\u00e1t is be tudok mutatni \"saj\u00e1t praxisb\u00f3l\": egy \u00faj, \u00e9s k\u00e9t fel\u00faj\u00edtott konyh\u00e1t.<\/div><div style=\"clear: both;text-align: left\">Nektek melyik sz\u00edn tetszik a legjobban?<\/div><br \/><div style=\"clear: both;text-align: center\"><a href=\"https:\/\/bergerinterior.cafeblog.hu\/files\/2016\/04\/03cfe811b5028c2b55c888c60b5e427a.jpg\" style=\"margin-left: 1em;margin-right: 1em\"><img border=\"0\" src=\"https:\/\/bergerinterior.cafeblog.hu\/files\/2016\/04\/03cfe811b5028c2b55c888c60b5e427a.jpg\" \/><\/a><\/div><br \/><div style=\"clear: both;text-align: center\"><a href=\"https:\/\/bergerinterior.cafeblog.hu\/files\/2016\/04\/4e98a354ccb454d797e392a0dbf24de7.jpg\" style=\"margin-left: 1em;margin-right: 1em\"><img border=\"0\" src=\"https:\/\/bergerinterior.cafeblog.hu\/files\/2016\/04\/4e98a354ccb454d797e392a0dbf24de7.jpg\" \/><\/a><\/div><br \/><div style=\"clear: both;text-align: center\"><a href=\"https:\/\/bergerinterior.cafeblog.hu\/files\/2016\/04\/8d26ab375aa6605e2080d7c23d6192d1.jpg\" style=\"margin-left: 1em;margin-right: 1em\"><img border=\"0\" height=\"640\" src=\"https:\/\/bergerinterior.cafeblog.hu\/files\/2016\/04\/8d26ab375aa6605e2080d7c23d6192d1-300x300.jpg\" width=\"640\" \/><\/a><\/div><br \/><div style=\"clear: both;text-align: center\"><a href=\"https:\/\/bergerinterior.cafeblog.hu\/files\/2016\/04\/12d6257e08ae11833200b99b68f1cd08.jpg\" style=\"margin-left: 1em;margin-right: 1em\"><img border=\"0\" src=\"https:\/\/bergerinterior.cafeblog.hu\/files\/2016\/04\/12d6257e08ae11833200b99b68f1cd08.jpg\" \/><\/a><\/div><br \/><div style=\"clear: both;text-align: center\"><a href=\"https:\/\/bergerinterior.cafeblog.hu\/files\/2016\/04\/15e3431b32c8bda62a31aa921e724645.jpg\" style=\"margin-left: 1em;margin-right: 1em\"><img border=\"0\" src=\"https:\/\/bergerinterior.cafeblog.hu\/files\/2016\/04\/15e3431b32c8bda62a31aa921e724645.jpg\" \/><\/a><\/div><br \/><div style=\"clear: both;text-align: center\"><a href=\"https:\/\/bergerinterior.cafeblog.hu\/files\/2016\/04\/32b9c0dcd4ded5f00a28afc97c903cab.jpg\" style=\"margin-left: 1em;margin-right: 1em\"><img border=\"0\" src=\"https:\/\/bergerinterior.cafeblog.hu\/files\/2016\/04\/32b9c0dcd4ded5f00a28afc97c903cab.jpg\" \/><\/a><\/div><br \/><div style=\"clear: both;text-align: center\"><a href=\"https:\/\/bergerinterior.cafeblog.hu\/files\/2016\/04\/9696d393c6fc589bfc9b8b8a72a9c90c.jpg\" style=\"margin-left: 1em;margin-right: 1em\"><img border=\"0\" src=\"https:\/\/bergerinterior.cafeblog.hu\/files\/2016\/04\/9696d393c6fc589bfc9b8b8a72a9c90c.jpg\" \/><\/a><\/div><br \/><div style=\"clear: both;text-align: center\"><a href=\"https:\/\/bergerinterior.cafeblog.hu\/files\/2016\/04\/350269f67b61335742bc3e36bb0d0b4f.jpg\" style=\"margin-left: 1em;margin-right: 1em\"><img border=\"0\" src=\"https:\/\/bergerinterior.cafeblog.hu\/files\/2016\/04\/350269f67b61335742bc3e36bb0d0b4f.jpg\" \/><\/a><\/div><br \/><div style=\"clear: both;text-align: center\"><a href=\"https:\/\/bergerinterior.cafeblog.hu\/files\/2016\/04\/af6c709f7fd3894774ed2b15d24a0446.jpg\" style=\"margin-left: 1em;margin-right: 1em\"><img border=\"0\" src=\"https:\/\/bergerinterior.cafeblog.hu\/files\/2016\/04\/af6c709f7fd3894774ed2b15d24a0446.jpg\" \/><\/a><\/div><br \/><div style=\"clear: both;text-align: center\"><a href=\"https:\/\/bergerinterior.cafeblog.hu\/files\/2016\/04\/bb4a4c74b8f6091f39b329d0f2c5a1ea.jpg\" style=\"margin-left: 1em;margin-right: 1em\"><img border=\"0\" src=\"https:\/\/bergerinterior.cafeblog.hu\/files\/2016\/04\/bb4a4c74b8f6091f39b329d0f2c5a1ea.jpg\" \/><\/a><\/div><br \/><div style=\"clear: both;text-align: center\"><a href=\"https:\/\/bergerinterior.cafeblog.hu\/files\/2016\/04\/main.original.585x0.jpg\" style=\"margin-left: 1em;margin-right: 1em\"><img border=\"0\" src=\"https:\/\/bergerinterior.cafeblog.hu\/files\/2016\/04\/main.original.585x0.jpg\" \/><\/a><\/div><br \/>","type":"rich","thumbnail_url":"https:\/\/bergerinterior.cafeblog.hu\/files\/2016\/04\/03cfe811b5028c2b55c888c60b5e427a-150x150.jpg","thumbnail_width":150,"thumbnail_height":150}

Kétszínű konyhák

<div style="clear: both;text-align: left">Nem tudod eldönteni, hogy fehér vagy színes konyhád legyen? Legyen egyszerre mindkettő!<br />Egy ideje már nagyon tetszik ez a trend, ahol az alsószekrények valamilyen színt kapnak, míg a felsőszekrények fehérek maradnak. Ennek több előnye is van: a sötétebb színű alsószekrények kevésbé koszolódnak, illetve a fehér felsőszekrények kevésbé nyomják össze a teret, mintha azok is a sötétebb színt kapták volna. Fekete, kék, szürke, zöld? Bármelyik szín jöhet, a fehér felsőszekrényekkel kombinálva nem lesz "túl sok"!&nbsp; A dolog nem csak színnel, hanem fafronttal is szépen működik.</div><div style="clear: both;text-align: left">Ha minden igaz, hamarosan három ilyen konyhát is be tudok mutatni "saját praxisból": egy új, és két felújított konyhát.</div><div style="clear: both;text-align: left">Nektek melyik szín tetszik a legjobban?</div><br /><div style="clear: both;text-align: center"><a href="https://bergerinterior.cafeblog.hu/files/2016/04/03cfe811b5028c2b55c888c60b5e427a.jpg" style="margin-left: 1em;margin-right: 1em"><img border="0" src="https://bergerinterior.cafeblog.hu/files/2016/04/03cfe811b5028c2b55c888c60b5e427a.jpg" /></a></div><br /><div style="clear: both;text-align: center"><a href="https://bergerinterior.cafeblog.hu/files/2016/04/4e98a354ccb454d797e392a0dbf24de7.jpg" style="margin-left: 1em;margin-right: 1em"><img border="0" src="https://bergerinterior.cafeblog.hu/files/2016/04/4e98a354ccb454d797e392a0dbf24de7.jpg" /></a></div><br /><div style="clear: both;text-align: center"><a href="https://bergerinterior.cafeblog.hu/files/2016/04/8d26ab375aa6605e2080d7c23d6192d1.jpg" style="margin-left: 1em;margin-right: 1em"><img border="0" height="640" src="https://bergerinterior.cafeblog.hu/files/2016/04/8d26ab375aa6605e2080d7c23d6192d1-300x300.jpg" width="640" /></a></div><br /><div style="clear: both;text-align: center"><a href="https://bergerinterior.cafeblog.hu/files/2016/04/12d6257e08ae11833200b99b68f1cd08.jpg" style="margin-left: 1em;margin-right: 1em"><img border="0" src="https://bergerinterior.cafeblog.hu/files/2016/04/12d6257e08ae11833200b99b68f1cd08.jpg" /></a></div><br /><div style="clear: both;text-align: center"><a href="https://bergerinterior.cafeblog.hu/files/2016/04/15e3431b32c8bda62a31aa921e724645.jpg" style="margin-left: 1em;margin-right: 1em"><img border="0" src="https://bergerinterior.cafeblog.hu/files/2016/04/15e3431b32c8bda62a31aa921e724645.jpg" /></a></div><br /><div style="clear: both;text-align: center"><a href="https://bergerinterior.cafeblog.hu/files/2016/04/32b9c0dcd4ded5f00a28afc97c903cab.jpg" style="margin-left: 1em;margin-right: 1em"><img border="0" src="https://bergerinterior.cafeblog.hu/files/2016/04/32b9c0dcd4ded5f00a28afc97c903cab.jpg" /></a></div><br /><div style="clear: both;text-align: center"><a href="https://bergerinterior.cafeblog.hu/files/2016/04/9696d393c6fc589bfc9b8b8a72a9c90c.jpg" style="margin-left: 1em;margin-right: 1em"><img border="0" src="https://bergerinterior.cafeblog.hu/files/2016/04/9696d393c6fc589bfc9b8b8a72a9c90c.jpg" /></a></div><br /><div style="clear: both;text-align: center"><a href="https://bergerinterior.cafeblog.hu/files/2016/04/350269f67b61335742bc3e36bb0d0b4f.jpg" style="margin-left: 1em;margin-right: 1em"><img border="0" src="https://bergerinterior.cafeblog.hu/files/2016/04/350269f67b61335742bc3e36bb0d0b4f.jpg" /></a></div><br /><div style="clear: both;text-align: center"><a href="https://bergerinterior.cafeblog.hu/files/2016/04/af6c709f7fd3894774ed2b15d24a0446.jpg" style="margin-left: 1em;margin-right: 1em"><img border="0" src="https://bergerinterior.cafeblog.hu/files/2016/04/af6c709f7fd3894774ed2b15d24a0446.jpg" /></a></div><br /><div style="clear: both;text-align: center"><a href="https://bergerinterior.cafeblog.hu/files/2016/04/bb4a4c74b8f6091f39b329d0f2c5a1ea.jpg" style="margin-left: 1em;margin-right: 1em"><img border="0" src="https://bergerinterior.cafeblog.hu/files/2016/04/bb4a4c74b8f6091f39b329d0f2c5a1ea.jpg" /></a></div><br /><div style="clear: both;text-align: center"><a href="https://bergerinterior.cafeblog.hu/files/2016/04/main.original.585x0.jpg" style="margin-left: 1em;margin-right: 1em"><img border="0" src="https://bergerinterior.cafeblog.hu/files/2016/04/main.original.585x0.jpg" /></a></div><br />
