{"version":"1.0","provider_name":"","provider_url":"https:\/\/bergerinterior.cafeblog.hu","author_name":"Gergely Anna","author_url":"https:\/\/bergerinterior.cafeblog.hu\/author\/gergely_anna\/","title":"Airbnb r\u00e1ncfelvarr\u00e1s- az egynapos \u00e1talak\u00edt\u00e1s","html":"<p><a href=\"https:\/\/bergerinterior.cafeblog.hu\/files\/2017\/01\/PicMonkey-Collage.jpg\"><img class=\"aligncenter size-large wp-image-852\" src=\"https:\/\/bergerinterior.cafeblog.hu\/files\/2017\/01\/PicMonkey-Collage-600x313.jpg\" alt=\"picmonkey-collage\" width=\"600\" height=\"313\" \/><\/a><\/p>\r\n<p>November-decemberben, mint a blog ut\u00f3bbi id\u0151ben sz\u00fcletett bejegyz\u00e9seib\u0151l l\u00e1tszik, Airbnbs lak\u00e1sokkal voltam elfoglalva. Ez az utols\u00f3 el\u0151tti poszt ebb\u0151l a \"korszakb\u00f3l\", fogadj\u00e1tok h\u00e1t szeretettel :)<\/p>\r\n<p>Helyzet: frissen fel\u00faj\u00edtott, \u00e1m jellegtelen lak\u00e1s, \u00e9s kis p\u00e9nz arra, hogy kicsit feldobjuk az \u00f6sszhat\u00e1st, hogy a fot\u00f3kon \u00e9s az \u00e9letben is jobban mutasson a kec\u00f3.<\/p>\r\n<p>F\u0151 probl\u00e9m\u00e1k:<\/p>\r\n<ul>\r\n<li>f\u00e9l p\u00e1r f\u00fcgg\u00f6ny\u00f6k (ilyen helyzet m\u00e1r az egyik m\u00e1sik lak\u00e1sban is volt \u00e9s m\u00e1r akkor sem \u00e9rtettem :D )<\/li>\r\n<li>az \u00f6sszes fal \u00fcres \u00e9s feh\u00e9r (a feh\u00e9r \u00f6nmag\u00e1ban nem lenne baj, ha nem lenne \u00fcres!)<\/li>\r\n<li>a f\u00e9nyt teljesen lefog\u00f3 kartonpap\u00edr l\u00e1mp\u00e1k<\/li>\r\n<li>\"\"\"\"fiatalos\"\"\"\" sz\u00ednvil\u00e1g<\/li>\r\n<li>unalmas feny\u0151 asztal&amp;sz\u00e9kek<\/li>\r\n<li>\u00e9g\u0151piros kanap\u00e9<\/li>\r\n<li>egy\u00e9b dolgok, amin sajnos dekorral nem lehet v\u00e1ltoztatni<\/li>\r\n<\/ul>\r\n<p>El\u0151tte:<\/p>\r\n<p><a href=\"https:\/\/bergerinterior.cafeblog.hu\/files\/2017\/01\/15644411_366855910335876_348324489_n.png\"><img class=\"aligncenter size-large wp-image-829\" src=\"https:\/\/bergerinterior.cafeblog.hu\/files\/2017\/01\/15644411_366855910335876_348324489_n-600x403.png\" alt=\"15644411_366855910335876_348324489_n\" width=\"600\" height=\"403\" \/><\/a><\/p>\r\n<p><a href=\"https:\/\/bergerinterior.cafeblog.hu\/files\/2017\/01\/15666172_366855810335886_282326383_n.png\"><img class=\"aligncenter size-large wp-image-830\" src=\"https:\/\/bergerinterior.cafeblog.hu\/files\/2017\/01\/15666172_366855810335886_282326383_n-600x401.png\" alt=\"15666172_366855810335886_282326383_n\" width=\"600\" height=\"401\" \/><\/a><\/p>\r\n<p><a href=\"https:\/\/bergerinterior.cafeblog.hu\/files\/2017\/01\/15666316_366855843669216_1728508490_n.png\"><img class=\"aligncenter size-large wp-image-831\" src=\"https:\/\/bergerinterior.cafeblog.hu\/files\/2017\/01\/15666316_366855843669216_1728508490_n-600x403.png\" alt=\"15666316_366855843669216_1728508490_n\" width=\"600\" height=\"403\" \/><\/a><\/p>\r\n<p><a href=\"https:\/\/bergerinterior.cafeblog.hu\/files\/2017\/01\/15683583_366855850335882_1089213509_n.png\"><img class=\"aligncenter size-large wp-image-832\" src=\"https:\/\/bergerinterior.cafeblog.hu\/files\/2017\/01\/15683583_366855850335882_1089213509_n-600x404.png\" alt=\"15683583_366855850335882_1089213509_n\" width=\"600\" height=\"404\" \/><\/a><\/p>\r\n<p>A nappalival kezdt\u00fcnk h\u00e1t, ahol a kanap\u00e9 m\u00f6g\u00f6tti r\u00e9sz kapott egy geometrikus mint\u00e1zatot, hogy legyen valami izgalom. A l\u00e1mpabur\u00e1kat cser\u00e9lt\u00fck, ami pedig maradt a konyh\u00e1ban, azt ez\u00fcstre f\u00fajtam. \u00daj f\u00fcgg\u00f6ny\u00f6k ker\u00fcltek a nappaliba, a feny\u0151 asztal \u00e9s sz\u00e9kek pedig f\u00e9lig le lettek festve. Felker\u00fclt p\u00e1r k\u00e9p is a falra, illetve p\u00e1r (m\u0171)vir\u00e1g az asztalra, illetve a k\u00e9t ablak k\u00f6z\u00f6tti \u00f3ra is \u00e9rtelmezhet\u0151 magass\u00e1gba ker\u00fclt. P\u00e1r d\u00edszp\u00e1rn\u00e1t is kapott a kanap\u00e9.<\/p>\r\n<p>Ut\u00e1na:<\/p>\r\n<p><a href=\"https:\/\/bergerinterior.cafeblog.hu\/files\/2017\/01\/0adca5db-86fa-402f-9c38-695c1082f535.jpg\"><img class=\"aligncenter size-large wp-image-833\" src=\"https:\/\/bergerinterior.cafeblog.hu\/files\/2017\/01\/0adca5db-86fa-402f-9c38-695c1082f535-600x400.jpg\" alt=\"0adca5db-86fa-402f-9c38-695c1082f535\" width=\"600\" height=\"400\" \/><\/a><\/p>\r\n<p><a href=\"https:\/\/bergerinterior.cafeblog.hu\/files\/2017\/01\/2b9edd21-b41a-4ba4-9c54-1d58474bdc54.jpg\"><img class=\"aligncenter size-large wp-image-834\" src=\"https:\/\/bergerinterior.cafeblog.hu\/files\/2017\/01\/2b9edd21-b41a-4ba4-9c54-1d58474bdc54-600x400.jpg\" alt=\"2b9edd21-b41a-4ba4-9c54-1d58474bdc54\" width=\"600\" height=\"400\" \/><\/a><\/p>\r\n<p><a href=\"https:\/\/bergerinterior.cafeblog.hu\/files\/2017\/01\/2c5dce51-1f2d-4095-a7aa-f9a25d67a0c4.jpg\"><img class=\"aligncenter size-large wp-image-835\" src=\"https:\/\/bergerinterior.cafeblog.hu\/files\/2017\/01\/2c5dce51-1f2d-4095-a7aa-f9a25d67a0c4-600x400.jpg\" alt=\"2c5dce51-1f2d-4095-a7aa-f9a25d67a0c4\" width=\"600\" height=\"400\" \/><\/a><\/p>\r\n<p><a href=\"https:\/\/bergerinterior.cafeblog.hu\/files\/2017\/01\/3b5abf976cedef90d09a1448aeb4f0ec.jpg\"><img class=\"aligncenter size-large wp-image-836\" src=\"https:\/\/bergerinterior.cafeblog.hu\/files\/2017\/01\/3b5abf976cedef90d09a1448aeb4f0ec-600x400.jpg\" alt=\"3b5abf976cedef90d09a1448aeb4f0ec\" width=\"600\" height=\"400\" \/><\/a><\/p>\r\n<p><a href=\"https:\/\/bergerinterior.cafeblog.hu\/files\/2017\/01\/6fc6c119-e297-4211-9dcb-02c2b29eb53e.jpg\"><img class=\"aligncenter size-large wp-image-837\" src=\"https:\/\/bergerinterior.cafeblog.hu\/files\/2017\/01\/6fc6c119-e297-4211-9dcb-02c2b29eb53e-600x400.jpg\" alt=\"6fc6c119-e297-4211-9dcb-02c2b29eb53e\" width=\"600\" height=\"400\" \/>\u0171<\/a> <a href=\"https:\/\/bergerinterior.cafeblog.hu\/files\/2017\/01\/21c69268-ba21-409d-aad2-2d798562e3e7.jpg\"><img class=\"aligncenter size-large wp-image-838\" src=\"https:\/\/bergerinterior.cafeblog.hu\/files\/2017\/01\/21c69268-ba21-409d-aad2-2d798562e3e7-600x400.jpg\" alt=\"21c69268-ba21-409d-aad2-2d798562e3e7\" width=\"600\" height=\"400\" \/><\/a><\/p>\r\n<p><a href=\"https:\/\/bergerinterior.cafeblog.hu\/files\/2017\/01\/37ce0df5-75a3-4b6c-bbb7-0e819dbe34d1.jpg\"><img class=\"aligncenter size-large wp-image-839\" src=\"https:\/\/bergerinterior.cafeblog.hu\/files\/2017\/01\/37ce0df5-75a3-4b6c-bbb7-0e819dbe34d1-600x401.jpg\" alt=\"37ce0df5-75a3-4b6c-bbb7-0e819dbe34d1\" width=\"600\" height=\"401\" \/><\/a><\/p>\r\n<p><a href=\"https:\/\/bergerinterior.cafeblog.hu\/files\/2017\/01\/087f319f-68b6-4bd8-8a8f-ebd084d99572.jpg\"><img class=\"aligncenter size-large wp-image-840\" src=\"https:\/\/bergerinterior.cafeblog.hu\/files\/2017\/01\/087f319f-68b6-4bd8-8a8f-ebd084d99572-600x400.jpg\" alt=\"087f319f-68b6-4bd8-8a8f-ebd084d99572\" width=\"600\" height=\"400\" \/><\/a><\/p>\r\n<p><a href=\"https:\/\/bergerinterior.cafeblog.hu\/files\/2017\/01\/2503105a-9f71-4a37-9886-245ae56b460d.jpg\"><img class=\"aligncenter size-large wp-image-841\" src=\"https:\/\/bergerinterior.cafeblog.hu\/files\/2017\/01\/2503105a-9f71-4a37-9886-245ae56b460d-600x400.jpg\" alt=\"2503105a-9f71-4a37-9886-245ae56b460d\" width=\"600\" height=\"400\" \/><\/a><\/p>\r\n<p><a href=\"https:\/\/bergerinterior.cafeblog.hu\/files\/2017\/01\/a2f875e5-b9a3-460a-bde3-7144d9a6826b.jpg\"><img class=\"aligncenter size-large wp-image-842\" src=\"https:\/\/bergerinterior.cafeblog.hu\/files\/2017\/01\/a2f875e5-b9a3-460a-bde3-7144d9a6826b-600x401.jpg\" alt=\"a2f875e5-b9a3-460a-bde3-7144d9a6826b\" width=\"600\" height=\"401\" \/><\/a><\/p>\r\n<p><a href=\"https:\/\/bergerinterior.cafeblog.hu\/files\/2017\/01\/cc027641-1ee7-47a8-bd78-e4e156a518f1.jpg\"><img class=\"aligncenter size-large wp-image-844\" src=\"https:\/\/bergerinterior.cafeblog.hu\/files\/2017\/01\/cc027641-1ee7-47a8-bd78-e4e156a518f1-600x402.jpg\" alt=\"cc027641-1ee7-47a8-bd78-e4e156a518f1\" width=\"600\" height=\"402\" \/><\/a><\/p>\r\n<p>A lak\u00e1sban k\u00e9t h\u00e1l\u00f3szoba van, ez a nagyobb, utcai. A f\u00e9l f\u00fcgg\u00f6nyp\u00e1rt megtoldottuk m\u00e9g eggyel, l\u00e1mpabur\u00e1t cser\u00e9lt\u00fcnk \u00e9s k\u00e9t \u00e9jjeli l\u00e1mp\u00e1t is felszerelt\u00fcnk hogy legyen f\u00e9ny, \u00e9s feltett\u00fcnk egy k\u00e9pet a falra. \u00cdgy egy fokkal kev\u00e9sb\u00e9 van \u00fcres hat\u00e1sa a szob\u00e1nak.<\/p>\r\n<p><a href=\"https:\/\/bergerinterior.cafeblog.hu\/files\/2017\/01\/15644914_366855833669217_476844026_n.png\"><img class=\"aligncenter size-large wp-image-845\" src=\"https:\/\/bergerinterior.cafeblog.hu\/files\/2017\/01\/15644914_366855833669217_476844026_n-600x403.png\" alt=\"15644914_366855833669217_476844026_n\" width=\"600\" height=\"403\" \/><\/a><\/p>\r\n<p><a href=\"https:\/\/bergerinterior.cafeblog.hu\/files\/2017\/01\/58f64960-6a67-44bd-a561-a97e37ebfe03.jpg\"><img class=\"aligncenter size-large wp-image-846\" src=\"https:\/\/bergerinterior.cafeblog.hu\/files\/2017\/01\/58f64960-6a67-44bd-a561-a97e37ebfe03-600x400.jpg\" alt=\"58f64960-6a67-44bd-a561-a97e37ebfe03\" width=\"600\" height=\"400\" \/><\/a><\/p>\r\n<p><a href=\"https:\/\/bergerinterior.cafeblog.hu\/files\/2017\/01\/216e2cda-f070-42d0-a410-a906269f7d44.jpg\"><img class=\"aligncenter size-large wp-image-847\" src=\"https:\/\/bergerinterior.cafeblog.hu\/files\/2017\/01\/216e2cda-f070-42d0-a410-a906269f7d44-600x400.jpg\" alt=\"216e2cda-f070-42d0-a410-a906269f7d44\" width=\"600\" height=\"400\" \/><\/a><\/p>\r\n<p>&nbsp;<\/p>\r\n<p>Ez a m\u00e1sik, kisebb h\u00e1l\u00f3, nagy kedvencem:<\/p>\r\n<p>itt csak az \u00e1gy volt a berendez\u00e9s, feh\u00e9r fallal, 1 db, k\u00f6zponti (szok\u00e1sos f\u00e9nylefog\u00f3 origami pap\u00edr) mennyezeti l\u00e1mp\u00e1val. Az \u00e9jjeliszekr\u00e9nyt a Jyskb\u0151l vett\u00fck, a Ranarp l\u00e1mp\u00e1t az Ike\u00e1b\u00f3l, term\u00e9szetesen a l\u00e1mpab\u00far\u00e1t is cser\u00e9lt\u00fck, \u00e9s feltett\u00fcnk egy kaktuszos printet a falra. A legnagyobb v\u00e1ltoz\u00e1st m\u00e9gis a k\u00e9kessz\u00fcrke fal hozta, ami \u00f6sszer\u00e1ntotta az eg\u00e9sz szob\u00e1t. Nagyon megnyugtat\u00f3, (val\u00f3ban) fiatalos hangulata lett a szob\u00e1nak.<\/p>\r\n<p><a href=\"https:\/\/bergerinterior.cafeblog.hu\/files\/2017\/01\/4f53b764-8aea-4ea4-aa73-272997761028.jpg\"><img class=\"aligncenter size-large wp-image-849\" src=\"https:\/\/bergerinterior.cafeblog.hu\/files\/2017\/01\/4f53b764-8aea-4ea4-aa73-272997761028-600x400.jpg\" alt=\"4f53b764-8aea-4ea4-aa73-272997761028\" width=\"600\" height=\"400\" \/><\/a><\/p>\r\n<p><a href=\"https:\/\/bergerinterior.cafeblog.hu\/files\/2017\/01\/3276fc03-4cba-4f1e-b911-f5c333186787.jpg\"><img class=\"aligncenter size-large wp-image-850\" src=\"https:\/\/bergerinterior.cafeblog.hu\/files\/2017\/01\/3276fc03-4cba-4f1e-b911-f5c333186787-600x400.jpg\" alt=\"3276fc03-4cba-4f1e-b911-f5c333186787\" width=\"600\" height=\"400\" \/><\/a><\/p>\r\n<p><a href=\"https:\/\/bergerinterior.cafeblog.hu\/files\/2017\/01\/e8f5d044-fe86-48ae-9e14-b260e58ff986.jpg\"><img class=\"aligncenter size-large wp-image-851\" src=\"https:\/\/bergerinterior.cafeblog.hu\/files\/2017\/01\/e8f5d044-fe86-48ae-9e14-b260e58ff986-600x400.jpg\" alt=\"e8f5d044-fe86-48ae-9e14-b260e58ff986\" width=\"600\" height=\"400\" \/><\/a><\/p>\r\n<p>Ezt az eg\u00e9sz dolgot egy nap alatt hajtottuk v\u00e9gre, \u00e9s szerintem sokkal jobb \u00f6sszhat\u00e1sa lett a lak\u00e1snak, mint kor\u00e1bban volt. Nektek hogy tetszik?<\/p>\r\n<p>V\u00e9lem\u00e9nyeteket sz\u00edvesen olvasom itt, vagy a blog <a href=\"https:\/\/www.facebook.com\/bergerporta\/\">Facebook oldal\u00e1n<\/a>, amit ha k\u00f6vettek, nem maradtok le az \u00fajdons\u00e1gokr\u00f3l! :)<\/p>","type":"rich","thumbnail_url":"https:\/\/bergerinterior.cafeblog.hu\/files\/2017\/01\/3276fc03-4cba-4f1e-b911-f5c333186787-150x150.jpg","thumbnail_width":150,"thumbnail_height":150}

Airbnb ráncfelvarrás- az egynapos átalakítás

<p><a href="https://bergerinterior.cafeblog.hu/files/2017/01/PicMonkey-Collage.jpg"><img class="aligncenter size-large wp-image-852" src="https://bergerinterior.cafeblog.hu/files/2017/01/PicMonkey-Collage-600x313.jpg" alt="picmonkey-collage" width="600" height="313" /></a></p>
<p>November-decemberben, mint a blog utóbbi időben született bejegyzéseiből látszik, Airbnbs lakásokkal voltam elfoglalva. Ez az utolsó előtti poszt ebből a "korszakból", fogadjátok hát szeretettel :)</p>
<p>Helyzet: frissen felújított, ám jellegtelen lakás, és kis pénz arra, hogy kicsit feldobjuk az összhatást, hogy a fotókon és az életben is jobban mutasson a kecó.</p>
<p>Fő problémák:</p>
<ul>
<li>fél pár függönyök (ilyen helyzet már az egyik másik lakásban is volt és már akkor sem értettem :D )</li>
<li>az összes fal üres és fehér (a fehér önmagában nem lenne baj, ha nem lenne üres!)</li>
<li>a fényt teljesen lefogó kartonpapír lámpák</li>
<li>""""fiatalos"""" színvilág</li>
<li>unalmas fenyő asztal&amp;székek</li>
<li>égőpiros kanapé</li>
<li>egyéb dolgok, amin sajnos dekorral nem lehet változtatni</li>
</ul>
<p>Előtte:</p>
<p><a href="https://bergerinterior.cafeblog.hu/files/2017/01/15644411_366855910335876_348324489_n.png"><img class="aligncenter size-large wp-image-829" src="https://bergerinterior.cafeblog.hu/files/2017/01/15644411_366855910335876_348324489_n-600x403.png" alt="15644411_366855910335876_348324489_n" width="600" height="403" /></a></p>
<p><a href="https://bergerinterior.cafeblog.hu/files/2017/01/15666172_366855810335886_282326383_n.png"><img class="aligncenter size-large wp-image-830" src="https://bergerinterior.cafeblog.hu/files/2017/01/15666172_366855810335886_282326383_n-600x401.png" alt="15666172_366855810335886_282326383_n" width="600" height="401" /></a></p>
<p><a href="https://bergerinterior.cafeblog.hu/files/2017/01/15666316_366855843669216_1728508490_n.png"><img class="aligncenter size-large wp-image-831" src="https://bergerinterior.cafeblog.hu/files/2017/01/15666316_366855843669216_1728508490_n-600x403.png" alt="15666316_366855843669216_1728508490_n" width="600" height="403" /></a></p>
<p><a href="https://bergerinterior.cafeblog.hu/files/2017/01/15683583_366855850335882_1089213509_n.png"><img class="aligncenter size-large wp-image-832" src="https://bergerinterior.cafeblog.hu/files/2017/01/15683583_366855850335882_1089213509_n-600x404.png" alt="15683583_366855850335882_1089213509_n" width="600" height="404" /></a></p>
<p>A nappalival kezdtünk hát, ahol a kanapé mögötti rész kapott egy geometrikus mintázatot, hogy legyen valami izgalom. A lámpaburákat cseréltük, ami pedig maradt a konyhában, azt ezüstre fújtam. Új függönyök kerültek a nappaliba, a fenyő asztal és székek pedig félig le lettek festve. Felkerült pár kép is a falra, illetve pár (mű)virág az asztalra, illetve a két ablak közötti óra is értelmezhető magasságba került. Pár díszpárnát is kapott a kanapé.</p>
<p>Utána:</p>
<p><a href="https://bergerinterior.cafeblog.hu/files/2017/01/0adca5db-86fa-402f-9c38-695c1082f535.jpg"><img class="aligncenter size-large wp-image-833" src="https://bergerinterior.cafeblog.hu/files/2017/01/0adca5db-86fa-402f-9c38-695c1082f535-600x400.jpg" alt="0adca5db-86fa-402f-9c38-695c1082f535" width="600" height="400" /></a></p>
<p><a href="https://bergerinterior.cafeblog.hu/files/2017/01/2b9edd21-b41a-4ba4-9c54-1d58474bdc54.jpg"><img class="aligncenter size-large wp-image-834" src="https://bergerinterior.cafeblog.hu/files/2017/01/2b9edd21-b41a-4ba4-9c54-1d58474bdc54-600x400.jpg" alt="2b9edd21-b41a-4ba4-9c54-1d58474bdc54" width="600" height="400" /></a></p>
<p><a href="https://bergerinterior.cafeblog.hu/files/2017/01/2c5dce51-1f2d-4095-a7aa-f9a25d67a0c4.jpg"><img class="aligncenter size-large wp-image-835" src="https://bergerinterior.cafeblog.hu/files/2017/01/2c5dce51-1f2d-4095-a7aa-f9a25d67a0c4-600x400.jpg" alt="2c5dce51-1f2d-4095-a7aa-f9a25d67a0c4" width="600" height="400" /></a></p>
<p><a href="https://bergerinterior.cafeblog.hu/files/2017/01/3b5abf976cedef90d09a1448aeb4f0ec.jpg"><img class="aligncenter size-large wp-image-836" src="https://bergerinterior.cafeblog.hu/files/2017/01/3b5abf976cedef90d09a1448aeb4f0ec-600x400.jpg" alt="3b5abf976cedef90d09a1448aeb4f0ec" width="600" height="400" /></a></p>
<p><a href="https://bergerinterior.cafeblog.hu/files/2017/01/6fc6c119-e297-4211-9dcb-02c2b29eb53e.jpg"><img class="aligncenter size-large wp-image-837" src="https://bergerinterior.cafeblog.hu/files/2017/01/6fc6c119-e297-4211-9dcb-02c2b29eb53e-600x400.jpg" alt="6fc6c119-e297-4211-9dcb-02c2b29eb53e" width="600" height="400" />ű</a> <a href="https://bergerinterior.cafeblog.hu/files/2017/01/21c69268-ba21-409d-aad2-2d798562e3e7.jpg"><img class="aligncenter size-large wp-image-838" src="https://bergerinterior.cafeblog.hu/files/2017/01/21c69268-ba21-409d-aad2-2d798562e3e7-600x400.jpg" alt="21c69268-ba21-409d-aad2-2d798562e3e7" width="600" height="400" /></a></p>
<p><a href="https://bergerinterior.cafeblog.hu/files/2017/01/37ce0df5-75a3-4b6c-bbb7-0e819dbe34d1.jpg"><img class="aligncenter size-large wp-image-839" src="https://bergerinterior.cafeblog.hu/files/2017/01/37ce0df5-75a3-4b6c-bbb7-0e819dbe34d1-600x401.jpg" alt="37ce0df5-75a3-4b6c-bbb7-0e819dbe34d1" width="600" height="401" /></a></p>
<p><a href="https://bergerinterior.cafeblog.hu/files/2017/01/087f319f-68b6-4bd8-8a8f-ebd084d99572.jpg"><img class="aligncenter size-large wp-image-840" src="https://bergerinterior.cafeblog.hu/files/2017/01/087f319f-68b6-4bd8-8a8f-ebd084d99572-600x400.jpg" alt="087f319f-68b6-4bd8-8a8f-ebd084d99572" width="600" height="400" /></a></p>
<p><a href="https://bergerinterior.cafeblog.hu/files/2017/01/2503105a-9f71-4a37-9886-245ae56b460d.jpg"><img class="aligncenter size-large wp-image-841" src="https://bergerinterior.cafeblog.hu/files/2017/01/2503105a-9f71-4a37-9886-245ae56b460d-600x400.jpg" alt="2503105a-9f71-4a37-9886-245ae56b460d" width="600" height="400" /></a></p>
<p><a href="https://bergerinterior.cafeblog.hu/files/2017/01/a2f875e5-b9a3-460a-bde3-7144d9a6826b.jpg"><img class="aligncenter size-large wp-image-842" src="https://bergerinterior.cafeblog.hu/files/2017/01/a2f875e5-b9a3-460a-bde3-7144d9a6826b-600x401.jpg" alt="a2f875e5-b9a3-460a-bde3-7144d9a6826b" width="600" height="401" /></a></p>
<p><a href="https://bergerinterior.cafeblog.hu/files/2017/01/cc027641-1ee7-47a8-bd78-e4e156a518f1.jpg"><img class="aligncenter size-large wp-image-844" src="https://bergerinterior.cafeblog.hu/files/2017/01/cc027641-1ee7-47a8-bd78-e4e156a518f1-600x402.jpg" alt="cc027641-1ee7-47a8-bd78-e4e156a518f1" width="600" height="402" /></a></p>
<p>A lakásban két hálószoba van, ez a nagyobb, utcai. A fél függönypárt megtoldottuk még eggyel, lámpaburát cseréltünk és két éjjeli lámpát is felszereltünk hogy legyen fény, és feltettünk egy képet a falra. Így egy fokkal kevésbé van üres hatása a szobának.</p>
<p><a href="https://bergerinterior.cafeblog.hu/files/2017/01/15644914_366855833669217_476844026_n.png"><img class="aligncenter size-large wp-image-845" src="https://bergerinterior.cafeblog.hu/files/2017/01/15644914_366855833669217_476844026_n-600x403.png" alt="15644914_366855833669217_476844026_n" width="600" height="403" /></a></p>
<p><a href="https://bergerinterior.cafeblog.hu/files/2017/01/58f64960-6a67-44bd-a561-a97e37ebfe03.jpg"><img class="aligncenter size-large wp-image-846" src="https://bergerinterior.cafeblog.hu/files/2017/01/58f64960-6a67-44bd-a561-a97e37ebfe03-600x400.jpg" alt="58f64960-6a67-44bd-a561-a97e37ebfe03" width="600" height="400" /></a></p>
<p><a href="https://bergerinterior.cafeblog.hu/files/2017/01/216e2cda-f070-42d0-a410-a906269f7d44.jpg"><img class="aligncenter size-large wp-image-847" src="https://bergerinterior.cafeblog.hu/files/2017/01/216e2cda-f070-42d0-a410-a906269f7d44-600x400.jpg" alt="216e2cda-f070-42d0-a410-a906269f7d44" width="600" height="400" /></a></p>
<p>&nbsp;</p>
<p>Ez a másik, kisebb háló, nagy kedvencem:</p>
<p>itt csak az ágy volt a berendezés, fehér fallal, 1 db, központi (szokásos fénylefogó origami papír) mennyezeti lámpával. Az éjjeliszekrényt a Jyskből vettük, a Ranarp lámpát az Ikeából, természetesen a lámpabúrát is cseréltük, és feltettünk egy kaktuszos printet a falra. A legnagyobb változást mégis a kékesszürke fal hozta, ami összerántotta az egész szobát. Nagyon megnyugtató, (valóban) fiatalos hangulata lett a szobának.</p>
<p><a href="https://bergerinterior.cafeblog.hu/files/2017/01/4f53b764-8aea-4ea4-aa73-272997761028.jpg"><img class="aligncenter size-large wp-image-849" src="https://bergerinterior.cafeblog.hu/files/2017/01/4f53b764-8aea-4ea4-aa73-272997761028-600x400.jpg" alt="4f53b764-8aea-4ea4-aa73-272997761028" width="600" height="400" /></a></p>
<p><a href="https://bergerinterior.cafeblog.hu/files/2017/01/3276fc03-4cba-4f1e-b911-f5c333186787.jpg"><img class="aligncenter size-large wp-image-850" src="https://bergerinterior.cafeblog.hu/files/2017/01/3276fc03-4cba-4f1e-b911-f5c333186787-600x400.jpg" alt="3276fc03-4cba-4f1e-b911-f5c333186787" width="600" height="400" /></a></p>
<p><a href="https://bergerinterior.cafeblog.hu/files/2017/01/e8f5d044-fe86-48ae-9e14-b260e58ff986.jpg"><img class="aligncenter size-large wp-image-851" src="https://bergerinterior.cafeblog.hu/files/2017/01/e8f5d044-fe86-48ae-9e14-b260e58ff986-600x400.jpg" alt="e8f5d044-fe86-48ae-9e14-b260e58ff986" width="600" height="400" /></a></p>
<p>Ezt az egész dolgot egy nap alatt hajtottuk végre, és szerintem sokkal jobb összhatása lett a lakásnak, mint korábban volt. Nektek hogy tetszik?</p>
<p>Véleményeteket szívesen olvasom itt, vagy a blog <a href="https://www.facebook.com/bergerporta/">Facebook oldalán</a>, amit ha követtek, nem maradtok le az újdonságokról! :)</p>
